20490896.
6004
Calculate the highest common divisor of 2162932 and 12.
4
Calculate the highest common factor of 113920940 and 280.
140
Calculate the greatest common factor of 972578456 and 9824.
2456
Calculate the highest common factor of 668 and 31620.
4
What is the greatest common factor of 839325 and 9825?
75
What is the highest common divisor of 1032 and 413344208?
344
What is the highest common factor of 12658022 and 1136?
142
Calculate the greatest common factor of 40318 and 199918.
38
What is the greatest common divisor of 41736522 and 18?
6
Calculate the greatest common divisor of 106152368 and 896.
112
What is the greatest common divisor of 1504 and 130227976?
376
What is the highest common factor of 38288 and 1680?
16
Calculate the highest common divisor of 4864 and 20810016.
608
What is the greatest common divisor of 459 and 8030349?
9
Calculate the highest common factor of 21300 and 4820100.
300
What is the greatest common divisor of 494 and 13253260?
38
Calculate the highest common divisor of 17334 and 54980238.
642
Calculate the greatest common divisor of 3 and 1099953.
3
What is the highest common divisor of 13097 and 1449?
7
What is the highest common factor of 156 and 812885736?
156
What is the highest common factor of 20807608 and 232?
8
What is the greatest common factor of 11232140 and 160?
20
Calculate the highest common divisor of 6899594 and 9126.
338
Calculate the highest common divisor of 31568 and 3884.
4
What is the greatest common divisor of 808371732 and 6?
6
What is the greatest common factor of 28 and 3810052?
4
What is the greatest common divisor of 6513675 and 760?
95
Calculate the greatest common divisor of 15306 and 8490.
6
What is the highest common factor of 4569 and 123?
3
What is the greatest common factor of 127 and 92096844?
127
Calculate the highest common divisor of 19692 and 247284.
36
What is the greatest common divisor of 3893409 and 10263?
933
What is the highest common factor of 1040 and 13916760?
520
What is the highest common factor of 116948 and 660168?
692
What is the highest common divisor of 1274 and 245294?
98
What is the highest common divisor of 1090768 and 80528?
112
What is the greatest common factor of 24 and 448841992?
8
Calculate the highest common divisor of 1332844 and 1219.
53
Calculate the highest common factor of 334463058 and 12.
6
What is the highest common divisor of 159000 and 665256?
1272
What is the highest common divisor of 67705473 and 1467?
489
What is the highest common divisor of 28 and 119956?
4
What is the highest common divisor of 3360 and 233359840?
1120
Calculate the greatest common factor of 3471 and 896141.
89
What is the greatest common factor of 208576 and 51880021?
3259
What is the highest common divisor of 1898 and 1000976?
146
What is the highest common divisor of 61118428 and 812?
812
Calculate the highest common factor of 40 and 19703264.
8
What is the greatest common divisor of 1911 and 867295884?
1911
Calculate the highest common divisor of 48 and 6099324.
12
What is the highest common factor of 9912 and 176253945?
1239
Calculate the greatest common factor of 305 and 6903126.
61
Calculate the highest common factor of 165291 and 86118.
1389
Calculate the highest common factor of 30774318 and 306.
102
Calculate the highest common divisor of 1206437 and 9681.
461
What is the greatest common factor of 32 and 17346496?
32
What is the greatest common factor of 268272 and 71892?
36
What is the highest common divisor of 28495424 and 72704?
4544
Calculate the greatest common divisor of 285636474 and 36.
18
Calculate the greatest common divisor of 489752 and 1885.
29
Calculate the greatest common divisor of 52573797 and 219.
219
What is the highest common divisor of 3580248 and 587846?
2954
Calculate the highest common factor of 178080 and 442560.
480
Calculate the greatest common divisor of 357205 and 86519.
359
What is the greatest common factor of 338 and 129246299?
169
Calculate the highest common factor of 17140306 and 1616.
202
What is the greatest common divisor of 1037872548 and 542?
542
Calculate the greatest common factor of 1313806 and 15134.
46
What is the highest common factor of 8 and 71800232?
8
What is the highest common divisor of 46203 and 354?
3
What is the greatest common factor of 4 and 48041284?
4
What is the highest common divisor of 388 and 57429044?
388
What is the greatest common divisor of 94371 and 3032?
379
What is the greatest common divisor of 300 and 4062825?
75
What is the greatest common divisor of 2456810 and 5?
5
Calculate the greatest common divisor of 40446 and 376866.
378
What is the greatest common divisor of 17472 and 7229376?
1344
What is the greatest common factor of 2169 and 1091677221?
2169
What is the greatest common divisor of 676204 and 25418?
142
Calculate the greatest common factor of 787 and 92392226.
787
What is the greatest common divisor of 16 and 3707892?
4
What is the greatest common divisor of 817320 and 126420?
2940
What is the greatest common factor of 67 and 35952200?
67
Calculate the highest common divisor of 215 and 5893279.
43
Calculate the greatest common divisor of 315 and 1234710.
45
What is the highest common divisor of 59022 and 13068?
54
Calculate the highest common factor of 115 and 199975.
5
What is the greatest common factor of 6802625 and 15625?
125
Calculate the greatest common factor of 1890 and 1090082.
14
Calculate the highest common factor of 2738 and 1112560289.
1369
What is the highest common divisor of 3407040 and 175?
35
Calculate the highest common factor of 48 and 63596976.
48
What is the greatest common factor of 296 and 114434?
2
What is the highest common divisor of 92 and 1562206?
46
What is the highest common divisor of 33 and 76622370?
33
Calculate the greatest common factor of 56371387 and 1258.
37
Calculate the greatest common divisor of 166830 and 7.
1
What is the greatest common factor of 22913 and 258006629?
2083
What is the highest common factor of 85650 and 95592252?
3426
What is the highest common divisor of 71701496 and 28?
4
What is the highest common factor of 1580 and 9610080?
20
Calculate the greatest common divisor of 37173224 and 902.
902
Calculate the highest common factor of 472484064 and 3744.
1248
What is the highest common factor of 1094016 and 10561243?
2849
What is the greatest common factor of 49786 and 2871747?
2263
What is the highest common divisor of 170136 and 2072351?
2363
Calculate the highest common divisor of 61869632 and 1584.
176
What is the greatest common factor of 260 and 111676370?
130
What is the greatest common divisor of 40472696 and 619?
619
Calculate the highest common factor of 87 and 81084261.
87
What is the greatest common factor of 189854 and 46604?
382
Calculate the highest common divisor of 535081078 and 246.
82
Calculate the greatest common factor of 3777566247 and 189.
189
Calculate the greatest common divisor of 555701 and 15216.
317
What is the greatest common factor of 15 and 1680811920?
15
Calculate the greatest common factor of 999 and 2330694.
27
What is the highest common divisor of 3120 and 68469960?
1560
Calculate the highest common factor of 16284 and 78073992.
708
Calculate the greatest common divisor of 522 and 702342.
18
What is the greatest common factor of 31304701 and 10064?
629
Calculate the greatest common factor of 78 and 6613334.
26
What is the greatest common divisor of 6188 and 20020?
364
What is the highest common factor of 883868 and 6786208?
5932
What is the greatest common divisor of 103 and 19213929?
103
What is the greatest common factor of 976 and 15357726?
122
Calculate the greatest common factor of 84 and 13804196.
28
What is the greatest common divisor of 1786160 and 33625?
1345
Calculate the greatest common divisor of 3139056 and 1584.
144
Calculate the highest common divisor of 28880 and 30818.
38
What is the highest common divisor of 91372411 and 13?
13
What is the highest common divisor of 460864 and 192532?
1516
What is the highest common divisor of 189006649 and 1937?
1937
Calculate the greatest common divisor of 74148 and 2288568.
2004
Calculate the highest common factor of 496 and 13939568.
16
What is the highest common divisor of 1049 and 2374?
1
Calculate the greatest common d